 7*y - 164. What is the tens digit of y?
8
Let i be 424 - (0 - (-3)/3) - -1. Suppose 0 = 3*r + r - i. What is the tens digit of r?
0
Suppose -f + 4*d = -383, 10*f + 3*d - 2007 = 5*f. Suppose -4*i + 4*k + 260 = -2*i, 0 = 3*i + 3*k - f. What is the units digit of i?
2
Suppose -12*g + 125 + 115 = 0. Suppose -22*k + 436 = -g*k. What is the tens digit of k?
1
Let g(h) = -h**2 + 48*h - 115. What is the hundreds digit of g(24)?
4
Let c be 5/(10/4) + 3. Suppose 2*s - 3*o - 84 = -0*s, 3*s + c*o = 107. What is the units digit of s?
9
Let j be (-2)/(-3) - (-10)/3. Suppose 49*i - 275 = 44*i. Suppose -i - 13 = -j*r. What is the units digit of r?
7
Let p(s) = s**3 - 9*s**2 + 10*s - 10. Let m be p(8). Let t be 6*((-2)/m)/(-1). What is the tens digit of (1/3)/(t/66)?
1
Let s = 6 - -6. Let v = 12 - s. Suppose -4*w - r + 17 + 2 = v, -2*w + 2*r + 22 = 0. What is the units digit of w?
6
Let j be (-6)/(-15)*(-22 + 2). Let y be ((-140)/j)/7*2. Let z(m) = m**3 - 5*m**2 + 4*m - 2. What is the units digit of z(y)?
8
Suppose -u + 2*a = 2*u - 756, 0 = 2*u - 2*a - 506. Let d = u + -121. What is the tens digit of d?
2
What is the hundreds digit of ((-33)/(-99))/(6956/(-2319) - -3)?
7
Suppose -4*x + 77 = 3*v, 3*x + 91 + 18 = 5*v. Let q be (0 - 0)/(-1 + 2). Suppose q = z - 3 - v. What is the tens digit of z?
2
Let a(f) = f**2 + 3*f - 3. Let g be a(-3). What is the tens digit of g/15 + (-521)/(-5)?
0
Let a be 6/4*104/6. Let f be (-5)/20 - -6*(-3)/(-8). Suppose f*l = -a + 114. What is the units digit of l?
4
Suppose 12*n - 845 = 7*n + 5*g, 4*n - 675 = 3*g. What is the tens digit of n?
6
Suppose 2*n + 12 = z + 2*z, -5*n - 30 = -4*z. Let s(b) = 5*b + 11. Let t be s(n). Let h = 5 - t. What is the units digit of h?
4
Let h(d) = 986*d - 36. What is the hundreds digit of h(1)?
9
Let s(a) = -9*a + 2. Let g be s(-9). Let j = 33 - 16. Suppose 4*h - j = g. What is the units digit of h?
5
Let g = 17 - 35. Let m be (-4 - g/4)*4. What is the units digit of (12/15)/(m/105)?
2
Let a = 1118 + 2352. What is the units digit of a?
0
Suppose -j - 46 = 69. Let y = -55 - j. What is the tens digit of y?
6
Suppose 0 = -21*p - 35*p + 74760. What is the units digit of p?
5
Suppose 0 = -5*d + 3*a + 2181 + 317, -996 = -2*d + 2*a. What is the units digit of d?
2
Suppose -y = -4*y. What is the units digit of (y - -55) + (19 - 15)?
9
Suppose 4*b + 3*s = 4*s - 103, 0 = b + s + 27. Let y = 62 + b. What is the tens digit of y?
3
Let w = -127 - -225. Let z = w + -44. What is the tens digit of z?
5
Suppose 4*s - 3*r - 4904 = 1475, 5*r - 4748 = -3*s. What is the hundreds digit of s?
5
Suppose 0 = y - 5*y + 3*s + 19, 4*s - 12 = 0. Let o = 17 - y. What is the units digit of o?
0
Let k(i) = 313*i + 6. Let f be k(2). Suppose 30*y = 26*y + f. What is the tens digit of y?
5
Let d = -193 - -173. Let t be 2618/(-6) + 1/3. What is the tens digit of t/d + (-2)/(-10)?
2
Let r(l) = 27*l**2 - 3*l - 3. Let f be r(2). Suppose -3*p + 130 = -4*u - 5*p, 0 = -3*u - 2*p - f. Let s = u + 54. What is the units digit of s?
3
Suppose -8*i = -10*i - 2*u + 192, -2*i + 5*u + 171 = 0. What is the tens digit of i?
9
Suppose -g - 4*i - 7 = 0, 3*g - 2*i - 6 = -5*i. Suppose 4*z = z + 4*y - 2, g*z + y = 12. Suppose 0 = z*q - 2*n - 40, -2*n - 2 = 6. What is the units digit of q?
6
Let c(b) = 3*b**2 + 2*b - 1. Let p be c(1). Suppose -7*x + 5*x + p = 0. Let f = x - -18. What is the tens digit of f?
2
Let r be (-3)/(-2)*(-24)/(-18). Let m(c) = 4*c + c**r + 3*c + 3*c**2 - 5*c**2 + 3. What is the tens digit of m(4)?
1
Suppose -19*w + 12*w - 84 = 0. Let h = w - -88. What is the units digit of h?
6
Suppose r - 3*r - 2 = 0. What is the units digit of 19/(r/12*-4)?
7
Suppose -2*j = -2*i + 4, 2*i - 3*i = j. Let b be i/(-2 - (-1188)/596). What is the units digit of (-2)/8 + b/(-4)?
7
Let v = 32 + 27. Suppose 6 + v = 5*w - f, 0 = -w - 2*f + 24. Suppose -4*k + 2 + w = 0. What is the units digit of k?
4
Suppose 3 = 3*n, 23 = 5*w + 3*n - 0. Suppose l - 173 = 5*o + 71, -2*l + 518 = -w*o. What is the tens digit of l?
6
Let j = -17 + 22. Suppose 60 = -3*r - l, j*r + 105 = 3*l + 5. Let w = -8 - r. What is the units digit of w?
2
Let l(s) = -711*s + 246. What is the units digit of l(-5)?
1
Let q = 245 - 19. What is the hundreds digit of q?
2
What is the hundreds digit of -9*(-6)/27 + 996?
9
Let o(b) = -b**3 + 0*b + 6*b**2 + 6 + 2*b + 0 - 10*b**2. What is the tens digit of o(-5)?
2
Let p = 23 - 17. Suppose p*n - 3*n = 234. What is the tens digit of n?
7
Let l(h) = 18*h**2 + 34*h + 7. What is the tens digit of l(7)?
2
Let f(k) = 2*k**3 + 7*k**2 - 10*k - 10. What is the hundreds digit of f(6)?
6
Let s be (-5)/(30/(-32))*-3. Let o(k) = -k**3 + 3*k**2 + 11*k + 3. Let u be o(5). Let m = u - s. What is the tens digit of m?
2
Let c(n) = -n**2 + 16*n - 1. Let i be c(12). Suppose 3*y + 5*m + i = 0, -4*y - 68 = 3*m + m. Let x = y + 34. What is the units digit of x?
5
Suppose 86*m + 1595 = 91*m. What is the tens digit of m?
1
Let h(f) = 3*f**2 - 2*f - 36. What is the units digit of h(8)?
0
Let h(k) = -13*k - 46. What is the units digit of h(-13)?
3
Suppose 4*v + 4*y + 4 = y, -3*y = -2*v + 16. Let c be 0/(1 + 2/v). Suppose 0 = 4*w + 3*f - 59, -9 = -c*w + w - 4*f. What is the units digit of w?
1
Suppose 0 = -0*a + 2*a - 16. Suppose a*z - 3*z = 25. Suppose -m + 5*s + 27 = 0, -8*m = -z*m - 2*s - 16. What is the units digit of m?
2
Suppose 4*j - 2*j - 3*h = 17, j = -5*h + 15. Suppose -v + j = v. Suppose -2*n + 93 = n - 4*z, -15 = v*z. What is the tens digit of n?
2
Let i(t) = t**2 + 5*t + 2. Suppose -2 = -2*p + 2. Suppose p*b + b = -21. What is the units digit of i(b)?
6
Suppose 6*v - 4*v = 6. Suppose r + v*g + 3 = -r, 4 = -5*r - 4*g. Suppose 17*c - 21*c + 48 = r. What is the units digit of c?
2
Let q(c) = -2*c**3 + 9*c**2 - 5. Let b be q(7). Let s = -44 - b. What is the hundreds digit of s?
2
Let w be ((-30)/(-8))/(15/60). Let j = w + -13. Suppose -j*l = 10, 4*l + 137 = -2*y + 5*y. What is the units digit of y?
9
Let t = -57 - -15. What is the tens digit of 12/t + 163/7?
2
Let i(f) = f**3 + 4*f - 12*f**2 - f**2 + 0*f**2 + 2 + 8*f. Let b be i(12). Suppose -u - 17 = -b*u. What is the units digit of u?
7
Suppose 13*o - 10303 = -1489. What is the units digit of o?
8
Let m(z) = z - 1. Let v be m(1). Suppose v = 5*l - 5*a - 155, 7*l + 4*a - 148 = 3*l. What is the tens digit of l?
3
Suppose 5*h = l + 21, -4*l + 4 = 5*h - 3*h. Let o(p) = 41*p - 1. What is the units digit of o(h)?
3
Let y = 115 - 393. Let o = y - -438. What is the units digit of o?
0
Suppose -1235 = -12*w + 7*w. What is the tens digit of w?
4
Suppose 0 = 2*h + 4*s - 4222 - 704, 0 = -5*s + 25. What is the hundreds digit of h?
4
Suppose -5*u - 2*x + 12620 = 0, 5*u = 3*x - 7*x + 12610. What is the units digit of u?
6
Let p(n) = -519*n + 72. What is the units digit of p(-2)?
0
Suppose 0 = 15*o - 683 - 367. What is the units digit of o?
0
Suppose 2*r = 2 + 6. Suppose r*v - 6*v + 44 = 0. What is the units digit of v?
2
Let r be 9/(-15) - (-46)/10. Let i be r/5*25/10. Suppose -i*s = -0*s - 80. What is the units digit of s?
0
Let k(j) = 5*j**2 - 69*j + 24. Let g(c) = c**2 - 17*c + 6. Let i(w) = -9*g(w) + 2*k(w). What is the units digit of i(-17)?
8
Let k be (-4)/(0 + -2)*2. Suppose k*z + z = 5*n - 65, n = 2*z + 9. What is the units digit of n?
7
Suppose -u + 0 - 4 = 0, -4*u - 154 = -2*z. Suppose 3*k - k = -2*c + 78, 5*k - z = -2*c. What is the units digit of c?
2
Let w = 11 - 27. Let v = 6 + w. What is the units digit of ((-32)/v)/(4/10)?
8
Let m = 303 - -22. What is the units digit of m?
5
Suppose 0 = 4*m + 5*a - 1595, -1888 = -3*m + 2*a - 709. What is the tens digit of m?
9
Let s = 7000 - 4784. What is the hundreds digit of s?
2
What is the hundreds digit of -116*(-2)/40*85?
4
Let z(b) = -4 + b**3 - 5*b - 5*b + 10*b**2 + 4*b + 5*b. Let q be z(-8). What is the tens digit of 2616/q - 4/(-22)?
2
Let q(d) = 17*d**2 + 2*d + 3. Let s be q(-1). Let n be (0 - (0 - -1))*3. Let p = s + n. What is the tens digit of p?
1
Suppose -5*l = -3*d - 0*l + 63, 4*d - 5*l = 84. What is the tens digit of 89/(8/14 + d/49)?
8
Let g be (-24)/(-6) + -203*1. Let z = 352 + g. What is the tens digit of z?
5
Let z(q) = 785*q**2 + 3*q - 2. What is the tens digit of z(1)?
8
What is the units digit of 6/(-240)*-10 + (-3718)/(-8)?
5
Suppose -5*m + 3*c - 7*c 